3 - 5) - (-9 - (-13 + -11)).
-8
What is 3 + (37 - 18) + -30?
-8
Evaluate (3 + (-24 - 0) - -2) + (-1233 - -1239).
-13
Evaluate 10 - (-6 + 10 + 1 - (0 + 2)).
7
22 + -50 - -10 - (2 + -10 + 2)
-12
(-13 - (15 + -17)) + (2 - -7)
-2
(0 - -2 - (11 + -3)) + (14 - 3)
5
What is the value of 3 + -7 + -49 + 57?
4
1 + 1 + -4 + 0 + -3 - 4
-9
Evaluate 1 + -16 - (-132 + 114).
3
What is -2 + 2 - -2 - (-36 + 35)?
3
What is the value of 7 + -3 + -7 + 7 - 9?
-5
15 - (16 - 5 - -1)
3
Evaluate (1 - -12) + (18 - (6 - -33)).
-8
What is the value of 9 - 0 - ((12 - -6) + -3)?
-6
Evaluate 3 + (8 - (61 + -68 + 4 + 2)).
12
What is -12 - (1 - 10) - 11 - (-2 - -3)?
-15
What is -1 + (5 + -4 + 8 - 15)?
-7
Evaluate -4 + (20 - ((13 - 6) + -3)).
12
-3 + 7 + -10 - -1 - -3
-2
Evaluate (-2 + -6 - (-13 - (-3 - 7))) + 3.
-2
0 - -11 - (25 - (4 + -6))
-16
-16 + -8 - -25 - (2 + 11)
-12
What is 41 - 25 - (8 + -30 + 8)?
30
(3 - 17 - 1) + 2 - (103 + -106)
-10
Calculate 0 - 20 - 0 - (-35 + 63 + -34).
-14
What is the value of -1 - 5 - (49 + (-109 - -63))?
-9
Calculate -11 + -1 + (603 - 580).
11
Calculate (-20 - (-16 + 3)) + 24.
17
What is (-110 - -103) + 45 + 0?
38
Evaluate -29 + 46 + -13 + 1 + 19.
24
What is the value of 8 + (2 - 1) - (267 - 236)?
-22
What is -11 - (-4 + (0 - 4) + -22 + 33)?
-14
9 + (11 - (16 - (8 - -1)))
13
44 + -68 + (-4 - ((4 - 7) + -2))
-23
Calculate (6 - 4) + 16 + -23.
-5
Calculate (22 - -7) + (-5 - 12) + -9 + 1.
4
Calculate (3 - 9 - 4) + 1 - -6.
-3
4 + 0 - (5 + -6 + 6) - 9
-10
What is the value of -31 + 22 + 15 + -5?
1
-2 + (-9 - -6) + -7 - -44
32
Evaluate 8 + (5 - (-20 + (10 - 1)) - 6).
18
Calculate -26 + (-11 - -45) - 13.
-5
What is -9 + (2 + -7 + 25 - 0)?
11
13 - 28 - -9 - (2 + 0) - 4
-12
Evaluate -5 - (-1 + -4 + 8 - 1).
-7
What is -2 + -10 + (-122 - -133) - -1?
0
Evaluate (-10 - -4) + 18 + -6.
6
Evaluate -12 - -39 - (0 + 14 + -6).
19
Calculate (-22 - -8) + 11 + 15 + 1.
13
What is the value of (2 - 1) + (-165 - -163) + (-4 - -1)?
-4
30 - (77 + -43) - -32
28
What is the value of 23 + 1 + (-6 - -3 - (-3 + 0))?
24
(10 - 4) + -18 - -15
3
Calculate 49 + -65 + (2 - -21).
7
Evaluate 4 - (9 - 9 - 4) - 10.
-2
Calculate (-11 + 2 - -5) + 12 - 5.
3
What is (-3 - (1 + 1)) + -88 + 100 + -6?
1
What is the value of -19 + -9 + (13 - 7 - -3)?
-19
What is -3 + (-11 - (-32 - -10) - 12)?
-4
What is -1 - (7 - (15 - 9)) - (-3 + 5)?
-4
What is (-7 - (4 - 8)) + (6 - -1) + -8?
-4
Calculate 6 - (3 + 3 + -5 + -1 + -4).
10
(68 + -80 - -18) + -35 + 2 + -1
-28
Calculate 2 - (-25 - -39) - (-27 + -1).
16
Evaluate -11 + (5 - 4 - -1) + -12 + 7.
-14
(2 - -4 - 4) + -6
-4
Evaluate 10 - (-14 + (39 - 4) + (-4 - 0)).
-7
Evaluate -20 - -2 - (-61 - -50) - 5.
-12
Calculate -2 - ((-1 + 4 - 5) + (-5 - -32)).
-27
Calculate 11 - (-3 - (5 + 2 + -10 + -1)).
10
What is 7 - ((-84 - -77) + (11 - -1))?
2
243 + -259 - (-8 - 1)
-7
What is 4 + -1 - (-339 + 358)?
-16
Evaluate 5 - (-10 + (-7 - (-36 + 10))) - -13.
9
Calculate 15 + -21 + 20 - -5.
19
-8 - -13 - (3 - -3 - (0 - 2))
-3
What is the value of 26 - (-7 + (36 - 14))?
11
What is the value of (111 - 104) + (2 - 2 - 17)?
-10
22 + -24 + (10 - 4)
4
3 - (38 + -23 - 23)
11
What is -2 + -36 - (-36 + 21) - -16?
-7
What is (-10 - (8 - 16)) + (-1 - (0 - 2))?
-1
Evaluate 9 - (-1 - (-6 + 6 + -6)).
4
(-1 - -6) + -6 + (-17 - -4) + 4
-10
-13 - (-1 - 10) - (-10 + -4 + -1)
13
Calculate -4 - (1 - 2) - (7 - 15).
5
Evaluate -8 + 7 + -4 + 1 - -9.
5
Calculate -51 - -38 - (0 + 9 - 27).
5
Evaluate 10 + 11 + 0 - ((-4 - 3) + 7).
21
Calculate 186 + -193 + (1 - -1) + -9 + -3.
-17
(2 - 10) + -12 + 15
-5
-12 + (14 - 7) - -4 - -15
14
What is the value of 41 + 13 + -26 + -30?
-2
Calculate -5 - (-3 + (-21 - -14)).
5
Calculate -17 + 24 + -31 - -36.
12
-10 + 7 - (37 + -56)
16
Evaluate (-77 - -59) + -5 + -2 + 6.
-19
What is -9 + 24 + -9 + (9 - 22)?
-7
Calculate 23 - -2 - (10 - (9 + -11)).
13
0 - -28 - ((2 - -52) + -40)
14
Calculate 9 + (-17 + 17 - (-5 + 5)).
9
What is (8 - 10 - -14) + -8 - 8?
-4
What is the value of 11 - 0 - ((7 - -13) + -23 + -6)?
20
Calculate (11 + 24 - 18) + -6 + 1 - -14.
26
What is the value of 13 + -5 - -4 - 10 - -3?
5
Evaluate 1 + -16 + 13 - (-6 + -1).
5
Evaluate 6 - 17 - (-2 - (1 + -1 - 3)).
-12
Calculate 8 - (0 + -10 - (-6 - (9 - -5))).
-2
Evaluate 2 + 5 - 5 - (-5 + -1 + 4).
4
0 - -9 - (-4 - (-10 - -4)) - -9
16
Evaluate 24 + (5 - (16 + 15 + -18)).
16
Evaluate 20 + -1 + 0 - (538 - 553).
34
What is the value of 29 - -14 - (-14 + 28)?
29
Calculate (7 - 0) + 15 - 33.
-11
Calculate (-1 - -12 - (92 - 48)) + -10 + 7.
-36
What is 7 + (-25 - (4 + 10 + -2))?
-30
30 - 16 - 19 - -2
-3
What is (21 - 4) + (11 + -6 + 2 - 10)?
14
What is (-641 - -653) + (-2 - 10)?
0
Calculate -1 + 0 + 6 + (3 - 3) + 0.
5
Evaluate (5 + 0 - 1) + 14 + -11 + -6.
1
Calculate (-683 - -689) + (3 - (1 - -1)).
7
What is the value of -5 + -5 + 44 - (-1 - (2 + -7))?
30
Calculate -3 - ((-9 - -13) + -7).
0
What is the value of 0 + -19 - ((18 - 5) + (-7 - 1))?
-24
What is (-5 - -1 - -1) + -44 + 42 + 7?
2
Calculate -1 + (-5 - 1) - 0.
-7
1 - (9 - (-4 - (3 - (-7 - -19))))
-3
Calculate -2 + (0 - 8) + 14 - 2.
2
What is the value of (-1 + 0 - (10 + -5)) + (0 - -4)?
-2
1 - -3 - (2 + -3 + (-16 - -5))
16
What is (-22 - (-98 - -22)) + -20?
34
Evaluate (-1 + -12 - -5) + (1 - -9).
2
-10 - (-2 + 0) - (-77 + 92 + 16)
-39
Evaluate (20 + -1 - (-1 + -3)) + (6 - 6).
23
5 + (-1 + 9 - (12 - -5)) - -3
-1
What is 25 - (-13 - -49) - 8?
-19
What is 28 + 8 + -34 - -9?
11
Calculate -13 - (-2 + -6) - (-13 + -5 + 10).
3
What is (-19 - -1) + (31 - -1) + (-1 - 1)?
12
-39 - (-62 + (-4 - -32))
-5
12 + (-2 - (-1 + 1 + 9))
1
What is 2 - (22 - (2 - 5)) - 1 - 2?
-26
Evaluate 21 + 1 - (1333 + -1306).
-5
Calculate 6 - (4 - 5) - -3 - 0.
10
What is the value of 733 + -750 - (-18 - (-1 - -2))?
2
What is the value of 1 - ((-4 + 4 + -4 - -3) + -5)?
7
What is -5 - (0 - 4) - (2 - 0)?
-3
-4 - (-7 - (1 + 1 + -9 + 6))
2
What is the value of (13 + -1 + 6 + -7 - 4) + -13?
-6
Calculate (19 - 7 - -14) + 7 - 18.
15
What is 9 + 7 + -4 + 0?
12
3 + 6 + -9 + 18
18
Evaluate 10 - (-7 + 11 + -9 - -11).
4
What is 9 + 6 - (6 - -2) - 0?
7
0 + (0 - (-10 + -4)) - -5
19
What is (16 - 12) + (3 - 0) + -14 + -1?
-8
What is the value of -25 + 9 + (24 - -1)?
9
What is 5 - ((-16 - -6) + -1 + 12)?
4
Evaluate 10 + -36 + 9 + 15.
-2
Evaluate 2 - (-35 - -20 - -18) - (1 + -10).
8
Evaluate -1 + (8 - 5 - (-2 + -3 - -8)).
-1
Calculate 0 + -1 - (77 - 76) - -15.
13
What is -1 - (27 + -1) - (4 + (-175 - -181))?
-37
Calculate -2 - (-5 + -3 + 3) - (0 - -5).
-2
What is the value of -2 + (10 - (31 - 4)) + 1?
-18
(-32 - -50) + (-6 + 1 - (17 + -16))
12
(-17 - (-20 - -17)) + 31
17
What is the value of 14 - 0 - (1 - -5 - (53 - 42))?
19
What is the value of -29 - (-27 + 12 - 8)?
-6
Evaluate 18 + (3 - ((2 - (-4 + 11)) + 9)).
17
What is the value of -14 - (-7 + -22 + 11 + 9)?
-5
What is 32 + -15 - 3 - 4 - 19?
-9
Evaluate 11 + 5 - (9 - -1).
6
(21 + 7 - 2) + -14
12
What is the value of (-5 - (7 - (3 + -1 - -9))) + -1?
-2
What is the value of -10 + (1 - -4) + (0 - 10)?
-15
Evaluate -6 - (3 + 5 - 15 - -1 - -7).
-7
Evaluate -8 - (0 - 3) - (-39 - (-20 - 17)).
-3
What is 20 + -3 + 12 + -26?
3
What is the value of 5 + 23 + 3 - (0 + -3 - -12)?
22
26 + 5 - -4 - (16 + (9 - 19))
29
Evaluate (4 - 1) + -12 + 19 + 5 + 5.
20
-34 + -2 + 39 - (1 - (4 - 2))
4
Calculate 24 - (6 + 0) - (9 - 3).
12
What is -4 - -2 - -4 - 3 - (26 - 18)?
-9
Calculate 5 + (-3 - 7 - (28 + -14 + -15)).
-4
Evaluate -4 + -2 + 0 + -2 + (3 - -14).
9
What is 24 - (27 + -3 - 28)?
28
Evaluate 30 + -52 + 5 - 0.
-17
Calculate (249 - 228) + (-1 - -3).
23
(-12 - 1) + (6 + -15 - -25)
3
What is (6 - -1) + -1 + 1 - (37 - 35)?
5
Evaluate (-16 - -6) + 2 + -2 - -16.
6
-35 + (-8 - -8) + 38
3
(5 - 1 - (4 - 5) - -2) + 1
8
What is -5 + 2 + 16 + 1?
14
Calculate (11 - (3 + 2 + 8)) + -2 + 0.
-4
Calculate (24 - 44) + -9 + 23.
-6
What is 14 + -6 + 11 + (-9 - -5) + 1?
16
What is (25 - 31 - (-1 + -3)) + -3 + 3?
-2
Calculate -15 + 6 + 8 - 12.
-13
-17 - (-71 + 42 + 3)
9
What is 5 + 5 + -27 + 18?
1
Calculate -8 - -9 - (-3 - (-8 + 16)).
12
Evaluate 23 + 16 + -45 - (-1 + 0 + -3).
-2
Calculate -7 + 35 - 13 - 9 - (0 + 7).
-1
-6 - -3 - 3 - (-6 - (-1 + 10))
9
Calculate 32 - -2 - (-2 + 6 - 10 - -6).
34
Calculate (-2 - 1 - -9) + (-17 - (-24 - 14)).
27
(-18 - (-1 - 34)) + 1
18
Calculate 10 + -5 - 5